137 = -d. Suppose 350 = 4*l + 4*h - w, 5*l - h = 8093. Is l composite?
True
Suppose 0 = u - 3*s - 1240, 1242 = u + 4*s - 5*s. Suppose 0 = -5*c - 5 - 10, 4*c - 2844 = -2*r. Let f = u + r. Is f composite?
False
Is (-36)/(-4) + (43805 - (18 + -9)) a prime number?
False
Suppose -p - 45 = 4*x + 59, 5*x = 5*p - 105. Let o be (-2 - x/3)*(-1 - 20). Let r = 710 - o. Is r composite?
True
Let n(p) = -p**3 - p**2 + p - 1. Let z(o) = -73*o**3 + 10*o**2 + 5*o + 66. Let q(c) = 7*n(c) + z(c). Is q(-4) composite?
False
Suppose -15 = 3*p - 8*p, 3*q - 324 = -4*p. Let i be 19*(4 + q)/3. Let j = -461 + i. Is j composite?
False
Suppose 3*s - 4*j - 128193 = -10425, -78501 = -2*s - j. Is ((-1)/9*3)/((-4)/s) a composite number?
False
Is (4361/28)/(3/12) a prime number?
False
Let m(j) = 1850*j**2 - 658*j - 131. Is m(-45) composite?
False
Let m(u) = -23*u + 17. Suppose -5*p - 1 = -d + 18, -5*d - 35 = p. Let w be m(d). Suppose 4*l - 4*z - w = 3997, -5*l + 3*z + 5192 = 0. Is l composite?
False
Let k(o) = 50*o + 5. Let g(d) = 1. Let v(x) = -4*g(x) + k(x). Let c be -9 + 7 - (-18 - -1). Is v(c) a composite number?
False
Let a(x) = -537*x**2 + 3*x + 11. Let v(o) = -o**2 - 2. Let i(s) = -a(s) - 5*v(s). Is i(2) composite?
False
Let n(o) = o**2 - 8*o + 9. Let p be n(6). Let x(u) = 9*u + 31. Let q be x(p). Suppose -20*s = -q*s - 2480. Is s composite?
True
Let z(u) = 213*u**2 + 10*u - 28. Let v(y) = -y**2 - y + 15. Let b be v(-4). Is z(b) composite?
True
Suppose -116 = 7*x - 5*x. Let k = 20 - x. Is k - (-3)/(1 + -4) composite?
True
Suppose -4*o + 116 = -12. Let q = o - 27. Suppose p = 123 - q. Is p composite?
True
Let j be 0*(5/4 + (-3)/12). Suppose 10*k + 8*k - 36 = j. Let a(n) = 629*n - 3. Is a(k) prime?
False
Let g = 42114 - 15523. Is g a prime number?
True
Suppose -69*g + 3866 + 102601 = 0. Is g a composite number?
False
Is 3960 - ((-60)/(-10) - -11) prime?
True
Suppose 4*x = -0*d - 5*d + 1576794, 0 = -3*d - 6. Is x a prime number?
True
Suppose 2*m - 439 = -3*v, 2*v + 136 - 428 = -m. Let r = v - -2940. Is r a prime number?
False
Let l(o) = -432*o**2 + 3*o + 1. Let w(p) = -p**3 - 1. Let k be w(0). Let y be l(k). Let c = y + 939. Is c a prime number?
False
Suppose 3*u = -5*l + 6 + 3, -l + 4*u = 12. Suppose l = -7*x - 1971 + 11638. Is x composite?
False
Let s = 200262 + 278423. Is s a prime number?
False
Let j(q) = 43*q**3 - 5*q + 6. Let a be j(-3). Is ((-6)/(-2))/(1 + a/1145) composite?
True
Let o be (1/(-3) - 0) + 26/(-3). Let u(b) = 2*b**2 - 8*b + 2. Let g be u(o). Suppose -g = 5*f - 3391. Is f a composite number?
False
Suppose 4*i + 3*w = 15, -5*w - 15 = -40. Let b be -6410 + 3 + 1 + i. Is b/(-10) + 14/35 composite?
False
Suppose -13*o = -5*o - 845656. Is o a composite number?
True
Let l(q) be the third derivative of 487*q**4/12 + q**3/2 - 11*q**2. Let o be l(1). Suppose 4*w = 3*c - o, -5*c - w = 3*w - 1575. Is c prime?
False
Let x be (-6)/(1/(-4) + (-25)/20). Suppose x*o - 3707 = 2353. Suppose 6*n - 771 = o. Is n a composite number?
True
Suppose -8430 = -5*q - 5*p, 4*q + 1395 = -3*p + 8141. Let s = -2411 + q. Let h = 1996 + s. Is h a prime number?
False
Suppose 36*b - 33*b - 9 = 0. Suppose 4*x = 4, b*c - 10916 - 8205 = -2*x. Is c a composite number?
False
Suppose -8*p - 57 = -9*p. Suppose -o = 4*t - 51, t = 5*t - 5*o - p. Suppose 10*i - t*i = -603. Is i a prime number?
False
Let v be 5/((-100)/(-16))*90. Let g be (-4)/(-7) + v/21. Suppose 0 = -g*b - 3*p + 2741, 5*p = -5*b - 0*p + 3420. Is b a composite number?
True
Let b = -369 + 372. Let r(p) = p**3 - p + 1. Let c(j) = j**3 + 5*j - 1. Let v(m) = c(m) + 6*r(m). Is v(b) prime?
True
Let g be (1324/(-2))/((-56)/2100). Let m = g - 17267. Is m prime?
False
Suppose -4*r = 3*f - 20, -2*f + 0 + 10 = 2*r. Suppose 5*b - 12330 = -2*q + 5*q, f = -b - 2*q + 2453. Is b a prime number?
False
Suppose 15*v = 8*v + 196. Suppose v*r - 2373 = 7*r. Is r a composite number?
False
Suppose -5*s - 131*d + 11024 = -128*d, 0 = -s + 4*d + 2191. Is s composite?
False
Let a = -62 + 62. Suppose a = -4*s + 3617 - 69. Is s composite?
False
Let l = -54 - -29. Let i be (0 + l)/(3/3) + -2. Let f = i + 250. Is f composite?
False
Suppose -2484 = 3*g + 3*b, -1025 + 191 = g - 5*b. Let c = g + 2088. Is c prime?
True
Let i(x) be the third derivative of 2*x**5/15 - x**4/3 + 13*x**3/6 + 497*x**2. Suppose 7*h + 66 = 2*h - 2*u, 2*h = 4*u - 12. Is i(h) prime?
False
Is -4 + ((-6)/2 - -5) - (0 - 178783) composite?
False
Suppose -2*x = -3*w - 554108 - 238056, 0 = x + 4*w - 396071. Is x composite?
False
Let a(m) = 8*m**3 - m**2 + 3*m - 2. Let y be a(1). Suppose 5*n = -8 + y. Suppose n*b = 3*b - 21. Is b a composite number?
False
Suppose 2*u = -u - 3408. Let r = 1531 - -87. Let b = r + u. Is b a prime number?
False
Suppose 27*c - 26*c = 7. Suppose -1339 = -c*j + 5010. Is j a composite number?
False
Is -367*2*(-1631)/14 a prime number?
False
Let s be 776/(-3) - (-2)/(-6). Suppose -5*c + 2235 = 65*a - 68*a, -2*c + 2*a = -890. Let u = c + s. Is u prime?
True
Let r(s) = 109*s**3 + s**2 + 3*s - 5. Suppose -1 = 4*c - 3*g, -3*g - 3 = -4*g. Is r(c) a prime number?
True
Is -1*(18/(-90) + (-27054)/5) composite?
True
Let x(a) = 2*a**3 - 14*a**2 + 14*a - 24. Let c be x(10). Let s = 1033 - c. Is s a composite number?
False
Is (25 + 10664436/(-24))*2/2*-2 a prime number?
True
Let d = -18959 + 30645. Suppose 5832 = 2*u + 5*s, 4*u + 3*s - d = 4*s. Is u a composite number?
True
Let i = -6 + 8. Suppose 3*g + 254 = 2*q + 2*q, 4*q + i*g - 264 = 0. Suppose -q*r = -67*r + 614. Is r a composite number?
False
Let l(h) = 82*h**2 + 5*h - 3. Let p be l(5). Suppose -1338 - p = -5*i. Let j = i - 459. Is j a prime number?
True
Let w(a) = 4 + 429*a**3 + 0*a + 6*a - 5*a + a**2. Let z be w(2). Let j = -1913 + z. Is j composite?
True
Suppose -6*r + 2*l = -1068078, -78*r + 81*r + 3*l = 534039. Is r a composite number?
True
Suppose 3*a = -3*t - 2916, 0*t + t + 5*a + 992 = 0. Let j = t + 635. Let r = 113 - j. Is r composite?
True
Let j(p) = p**2 + 12*p + 4. Let i be j(-9). Let o = i - -27. Suppose -2*t + 144 = o*d, 3*d - 2*t = t + 117. Is d composite?
False
Suppose 45 + 7 = 13*b. Suppose 3*q + 38042 = 8*q - 3*n, -b*n + 7613 = q. Is q a composite number?
True
Let n(q) = -4*q**2 - 32*q - 119. Let g be n(-28). Let c = 162 - g. Is c a composite number?
False
Let j = -23909 - -34722. Is j a composite number?
True
Is 7/(70/165)*89852/42 a composite number?
True
Suppose 4*n + h = 9, 3*h = 6*n - n - 24. Suppose 4*b - n*b = 2. Suppose 4809 = b*g + 5*x + 1152, 0 = 5*g + x - 9200. Is g a composite number?
True
Let p = -373598 - -810117. Is p a composite number?
True
Let a = 79592 + -39493. Is a a prime number?
True
Let z(g) = -2*g**3 + 10*g**2 - 5*g - 2. Let s be z(4). Let y = 11 + -6. Suppose 1471 = -0*h + 5*h + 3*u, s = y*u. Is h prime?
True
Let l(o) = o**3 - 37*o**2 - 21*o - 7. Let g be l(26). Let r = -3752 - g. Is r prime?
False
Suppose 0 = 5*k + 31*p - 36*p - 72630, 2*p - 14517 = -k. Suppose k = -11*i + 188136. Is i a prime number?
False
Let m be (2/2)/((-12)/300). Let i be -4*7/(-224) + m/8. Is (i - 2)/(-1) + 546 prime?
False
Let g(a) = 175*a**3 + 4*a**2 - 6*a + 8. Suppose -2*t + 14 = -2*j, -4*j - 3 - 19 = -2*t. Is g(t) composite?
False
Let n(d) = 17702*d + 193. Is n(3) composite?
False
Let r = -148 - -151. Suppose 0*l + l - 2*k - 1267 = 0, 3781 = r*l - k. Is l composite?
False
Suppose -24569077 - 4070777 = -20*h + 618886. Is h prime?
False
Suppose 18 = -23*d + 32*d. Is d + -5 + 3 + (3798 - 5) prime?
True
Let k = 28627 + 21406. Is k prime?
True
Suppose 3*a - 5*l + 1219 = 0, -984 - 239 = 3*a - l. Is ((-3)/((-18)/4))/(a/(-635868)) a prime number?
True
Suppose 0 = -4*q + 5*v - 316 - 412, 5*v = -20. Is 22/q - 141206/(-34) prime?
True
Let u(l) = 2*l**3 + 22*l**2 + 18*l - 23. Let n be u(-10). Is 2053 + n + 2 - (106 + -105) composite?
True
Let n(w) = 3451*w**2 + 41*w + 1. Let d = 579 - 582. Is n(d) composite?
False
Let v(q) = 2*q**3 + 60*q**2 + 6*q - 39. Is v(46) a composite number?
True
Let k(u) = 19*u - 11*u + 44*u + 18 - 69. Let b be k(17). Let v = 1212 - b. Is v a prime number?
True
Suppose 0 = 2*y - 5*b - 28, -2*y + 6*b = 2*b - 24. Let q be y*(-8 - -3) - -4. Is (-6245)/(-4) + -6 + (-92)/q prime?
False
Suppose -3*o - l + 6 = -4, -5*l = 4*o - 28. Suppose o*b = -t + 370, 1865 = 4*t + t + 5*b. Let g = t + -114. Is g c